e 13) to base 5.
-4
Convert -1 (base 11) to base 4.
-1
-1a (base 14) to base 9
-26
Convert 7 (base 16) to base 14.
7
What is 22 (base 4) in base 11?
a
What is c6 (base 14) in base 12?
126
What is -59 (base 10) in base 15?
-3e
What is 1001 (base 2) in base 5?
14
What is 5 (base 16) in base 6?
5
32 (base 6) to base 7
26
-33 (base 12) to base 11
-36
What is -1 (base 9) in base 6?
-1
Convert -62 (base 10) to base 7.
-116
What is 1 (base 7) in base 14?
1
Convert -7b (base 12) to base 7.
-164
Convert c (base 13) to base 11.
11
Convert 12 (base 11) to base 3.
111
What is 7 (base 10) in base 8?
7
What is 9 (base 16) in base 12?
9
What is -2 (base 11) in base 5?
-2
Convert -127 (base 8) to base 14.
-63
Convert 1c (base 14) to base 5.
101
Convert 6 (base 16) to base 6.
10
What is 4 (base 5) in base 14?
4
3 (base 8) to base 5
3
Convert 23 (base 15) to base 14.
25
What is -2 (base 3) in base 7?
-2
Convert 50 (base 15) to base 2.
1001011
Convert 35 (base 7) to base 11.
24
What is 4 (base 11) in base 4?
10
Convert -8 (base 9) to base 12.
-8
Convert -88 (base 12) to base 3.
-10212
What is 1010110 (base 2) in base 8?
126
-a (base 12) to base 7
-13
-140 (base 6) to base 5
-220
What is 102212 (base 3) in base 8?
500
What is -2 (base 14) in base 10?
-2
-e (base 15) to base 16
-e
2 (base 14) to base 5
2
What is -3 (base 16) in base 3?
-10
-4 (base 10) to base 5
-4
What is -422 (base 6) in base 4?
-2132
What is 331 (base 5) in base 12?
77
What is -3022 (base 4) in base 7?
-406
What is -128 (base 12) in base 2?
-10110000
-11 (base 2) to base 12
-3
-12 (base 10) to base 13
-c
-55 (base 9) to base 6
-122
Convert 2 (base 14) to base 10.
2
What is 103 (base 4) in base 12?
17
b (base 14) to base 2
1011
Convert 1 (base 12) to base 3.
1
What is -14 (base 5) in base 7?
-12
Convert 1b (base 15) to base 5.
101
What is 11 (base 10) in base 3?
102
-2 (base 10) to base 2
-10
Convert -133 (base 11) to base 4.
-2131
Convert 101001 (base 2) to base 11.
38
What is -2 (base 10) in base 2?
-10
What is 5 (base 11) in base 3?
12
What is 3 (base 10) in base 9?
3
Convert 10 (base 3) to base 11.
3
Convert -1 (base 5) to base 3.
-1
-214 (base 12) to base 15
-154
Convert -10 (base 7) to base 5.
-12
What is -25 (base 8) in base 3?
-210
Convert -172 (base 10) to base 7.
-334
-2 (base 15) to base 8
-2
What is 17 (base 15) in base 13?
19
What is 5 (base 16) in base 8?
5
What is 454 (base 6) in base 13?
109
2130 (base 4) to base 6
420
Convert -c (base 13) to base 11.
-11
11 (base 16) to base 7
23
-100 (base 2) to base 9
-4
What is -c5 (base 14) in base 11?
-148
0 (base 12) to base 5
0
Convert 12 (base 9) to base 10.
11
What is -43 (base 8) in base 7?
-50
Convert 14 (base 14) to base 3.
200
Convert -1040 (base 5) to base 9.
-171
What is 324 (base 6) in base 13?
97
-232 (base 4) to base 8
-56
5f (base 16) to base 3
10112
What is -101100 (base 2) in base 7?
-62
Convert 1 (base 13) to base 2.
1
Convert -21 (base 11) to base 16.
-17
What is -32 (base 9) in base 16?
-1d
Convert 11 (base 5) to base 16.
6
What is 3 (base 4) in base 7?
3
What is 1 (base 14) in base 6?
1
Convert -104 (base 5) to base 14.
-21
What is -102 (base 6) in base 16?
-26
Convert d (base 14) to base 8.
15
203 (base 4) to base 9
38
Convert 11001 (base 2) to base 10.
25
What is -12212 (base 3) in base 5?
-1113
What is 124 (base 7) in base 12?
57
What is -121 (base 5) in base 11?
-33
What is 10 (base 6) in base 14?
6
3 (base 7) to base 10
3
-2 (base 12) to base 11
-2
What is 2220 (base 4) in base 9?
206
What is 28 (base 9) in base 6?
42
What is 0 (base 13) in base 6?
0
42 (base 9) to base 6
102
Convert 3 (base 4) to base 12.
3
3 (base 12) to base 6
3
202 (base 4) to base 12
2a
Convert -3 (base 5) to base 16.
-3
47 (base 8) to base 4
213
-5 (base 6) to base 5
-10
What is -7c (base 14) in base 4?
-1232
What is 9 (base 11) in base 16?
9
Convert 2 (base 9) to base 4.
2
21102 (base 3) to base 8
310
Convert 150 (base 8) to base 9.
125
-134 (base 5) to base 3
-1122
What is 1 (base 14) in base 9?
1
What is -1 (base 6) in base 4?
-1
3 (base 16) to base 9
3
c (base 16) to base 13
c
Convert 17 (base 9) to base 3.
121
What is 2232 (base 4) in base 10?
174
Convert 152 (base 8) to base 16.
6a
What is -5 (base 14) in base 6?
-5
What is -1 (base 16) in base 8?
-1
What is -1 (base 4) in base 13?
-1
Convert -11100 (base 2) to base 16.
-1c
Convert -1c (base 16) to base 3.
-1001
Convert 100210 (base 3) to base 7.
525
19 (base 14) to base 3
212
What is 1 (base 8) in base 7?
1
What is 2 (base 7) in base 2?
10
Convert -19 (base 11) to base 6.
-32
Convert 100 (base 7) to base 12.
41
Convert 44 (base 5) to base 12.
20
10 (base 3) to base 10
3
13a (base 13) to base 5
1333
0 (base 4) to base 8
0
Convert 2 (base 4) to base 8.
2
What is -220 (base 3) in base 15?
-19
1f (base 16) to base 2
11111
42 (base 7) to base 6
50
10 (base 11) to base 6
15
What is 11 (base 6) in base 10?
7
What is -102 (base 4) in base 8?
-22
What is 88 (base 15) in base 13?
9b
Convert 87 (base 15) to base 16.
7f
What is -5 (base 11) in base 4?
-11
111 (base 3) to base 4
31
5 (base 13) to base 10
5
What is 12 (base 3) in base 10?
5
What is 5 (base 8) in base 6?
5
What is 11100 (base 2) in base 16?
1c
Convert 233 (base 4) to base 14.
35
Convert 20 (base 5) to base 12.
a
What is -2 (base 6) in base 8?
-2
5 (base 11) to base 2
101
Convert 100100 (base 2) to base 6.
100
What is -3 (base 11) in base 13?
-3
What is -32 (base 16) in base 3?
-1212
-10211 (base 3) to base 2
-1100111
240 (base 5) to base 9
77
-55 (base 9) to base 8
-62
Convert 0 (base 13) to base 10.
0
What is 9 (base 14) in base 16?
9
15 (base 15) to base 14
16
Convert -106 (base 12) to base 8.
-226
4 (base 15) to base 4
10
Convert 12 (base 4) to base 3.
20
Convert 1 (base 3) to base 7.
1
What is -212 (base 3) in base 11?
-21
Convert 100010 (base 2) to base 3.
1021
24 (base 12) to base 9
31
-2 (base 11) to base 4
-2
Convert -38 (base 9) to base 16.
-23
2302 (base 4) to base 6
454
0 (base 4) to base 2
0
-9 (base 11) to base 14
-9
4 (base 13) to base 2
100
What is -70 (base 9) in base 12?
-53
Convert 110 (base 2) to base 12.
6
101 (base 3) to base 5
20
Convert 3 (base 8) to base 9.
3
Convert -2 (base 12) to base 7.
-2
Convert 10 (base 5) to base 9.
5
Convert -137 (base 16) to base 12.
-21b
What is 1121 (base 5) in base 4?
2201
Convert -a3 (base 13) to base 12.
-b1
Convert -220 (base 3) to base 8.
-30
What is -110000 (base 2) in base 13?
-39
What is -2 (base 13) in base 3?
-2
What is -4 (base 11) in base 6?
-4
-31 (base 6) to base 2
-10011
10 (base 9) to base 11
9
a (base 16) to base 10
10
Convert 1001 (base 2) to base 4.
21
1 (base 11) to base 13
1
9 (base 15) to base 9
10
What is 4 (base 14) in base 5?
4
a (base 16) to base 7
13
Convert -6 (base 12) to base 16.
-6
What is -1233 (base 4) in base 15?
-76
211 (base 3) to base 8
26
Convert -69 (base 15) to base 13.
-78
What is -9 (base 10) in base 9?
-10
-44 (base 6) to base 4
-130
What is 2 (base 16) in base 5?
2
What is -14 (base 10) in base 11?
-13
Convert 3 (base 11) to base 15.
3
0 (base 2) to base 12
0
3 (base 6) to base 10
3
What is 0 (base 7) in base 9?
0
4 (base 8) to base 16
4
Convert 10000001 (base 2) to base 11.
108
-2 (base 16) to base 6
-2
Convert -3 (base 16) to base 11.
-3
-11110101 (base 2) to base 16
-f5
-11 (base 5) to base 10
-6
Convert -1 (base 10) to base 6.
-1
Convert 16 (base 16) to base 14.
18
-27 (base 11) to base 5
-104
What is -10 (base 6) in base 7?
-6
What is 1031 (base 6) in base 10?
235
What is 57 (base 10) in base 3?
2010
Convert 4b (base 16) to base 9.
83
Convert -103 (base 5) to base 9.
-31
0 (base 10) to base 13
0
-5 (base 16) to base 7
-5
What is -1022 (base 4) in base 14?
-54
Convert -220 (base 6) to base 7.
-150
What is 10010 (base 3) in base 7?
150
-1 (base 10) to base 8
-1
What is -3 (base 9) in base 8?
-3
Convert -50 (base 7) to base 3.
-1022
13 (base 5) to base 9
8
What is -6 (base 14) in base 16?
-6
What is 2 (base 4) in base 16?
2
Convert 16a (base 11) to base 6.
525
-11 (base 2) to base 16
-3
Convert -86 (base 12) to base 6.
-250
What is -34 (base 8) in base 16?
-1c
Convert 2 (base 5) to base 15.
2
-4 (base 9) to base 7
-4
-165 (base 12) to base 13
-140
Convert -110 (base 7) to base 16.
-38
-14 (base 16) to base 14
-16
28 (base 14) to bas